Last updated on 2020-03-27 00:49:32 CET.
Flavor | Version | Tinstall | Tcheck | Ttotal | Status | Flags |
---|---|---|---|---|---|---|
r-devel-linux-x86_64-debian-clang | 1.0-10 | 5.16 | 19.64 | 24.80 | OK | |
r-devel-linux-x86_64-debian-gcc | 1.0-10 | 3.55 | 15.64 | 19.19 | OK | |
r-devel-linux-x86_64-fedora-clang | 1.0-10 | 32.57 | NOTE | |||
r-devel-linux-x86_64-fedora-gcc | 1.0-10 | 28.85 | NOTE | |||
r-devel-windows-ix86+x86_64 | 1.0-10 | 8.00 | 50.00 | 58.00 | OK | |
r-devel-windows-ix86+x86_64-gcc8 | 1.0-10 | 8.00 | 40.00 | 48.00 | OK | |
r-patched-linux-x86_64 | 1.0-10 | 3.62 | 18.27 | 21.89 | OK | |
r-patched-solaris-x86 | 1.0-10 | 46.40 | OK | |||
r-release-linux-x86_64 | 1.0-10 | 3.78 | 18.30 | 22.08 | OK | |
r-release-windows-ix86+x86_64 | 1.0-10 | 14.00 | 62.00 | 76.00 | OK | |
r-release-osx-x86_64 | 1.0-10 | OK | ||||
r-oldrel-windows-ix86+x86_64 | 1.0-10 | 5.00 | 32.00 | 37.00 | OK | |
r-oldrel-osx-x86_64 | 1.0-10 | OK |
Version: 1.0-10
Check: compiled code
Result: NOTE
File ‘proj4/libs/proj4.so’:
Found no calls to: ‘R_registerRoutines’, ‘R_useDynamicSymbols’
It is good practice to register native routines and to disable symbol
search.
See ‘Writing portable packages’ in the ‘Writing R Extensions’ manual.
Flavors: r-devel-linux-x86_64-fedora-clang, r-devel-linux-x86_64-fedora-gcc