Last updated on 2020-03-27 00:49:32 CET.
Flavor | Version | Tinstall | Tcheck | Ttotal | Status | Flags |
---|---|---|---|---|---|---|
r-devel-linux-x86_64-debian-clang | 4.2.6 | 78.54 | 151.74 | 230.28 | NOTE | |
r-devel-linux-x86_64-debian-gcc | 4.2.6 | 50.79 | 110.53 | 161.32 | NOTE | |
r-devel-linux-x86_64-fedora-clang | 4.2.6 | 280.51 | NOTE | |||
r-devel-linux-x86_64-fedora-gcc | 4.2.6 | 289.72 | NOTE | |||
r-devel-windows-ix86+x86_64 | 4.2.6 | 132.00 | 158.00 | 290.00 | NOTE | |
r-devel-windows-ix86+x86_64-gcc8 | 4.2.6 | 153.00 | 208.00 | 361.00 | NOTE | |
r-patched-linux-x86_64 | 4.2.6 | 63.36 | 137.47 | 200.83 | NOTE | |
r-patched-solaris-x86 | 4.2.6 | 321.80 | NOTE | |||
r-release-linux-x86_64 | 4.2.6 | 59.09 | 135.97 | 195.06 | NOTE | |
r-release-windows-ix86+x86_64 | 4.2.6 | 186.00 | 242.00 | 428.00 | NOTE | |
r-release-osx-x86_64 | 4.2.6 | NOTE | ||||
r-oldrel-windows-ix86+x86_64 | 4.2.6 | 161.00 | 229.00 | 390.00 | NOTE | |
r-oldrel-osx-x86_64 | 4.2.6 | NOTE |
Version: 4.2.6
Check: package dependencies
Result: NOTE
Package suggested but not available for checking: 'SDMTools'
Flavors: r-devel-linux-x86_64-debian-clang, r-devel-linux-x86_64-debian-gcc, r-devel-linux-x86_64-fedora-clang, r-devel-linux-x86_64-fedora-gcc, r-patched-linux-x86_64, r-patched-solaris-x86, r-release-linux-x86_64
Version: 4.2.6
Check: installed package size
Result: NOTE
installed size is 6.8Mb
sub-directories of 1Mb or more:
data 1.5Mb
doc 1.4Mb
libs 3.3Mb
Flavors: r-devel-linux-x86_64-fedora-clang, r-devel-windows-ix86+x86_64, r-devel-windows-ix86+x86_64-gcc8, r-release-windows-ix86+x86_64, r-release-osx-x86_64, r-oldrel-windows-ix86+x86_64, r-oldrel-osx-x86_64
Version: 4.2.6
Check: dependencies in R code
Result: NOTE
Namespace in Imports field not imported from: ‘utils’
All declared Imports should be used.
Flavors: r-devel-linux-x86_64-fedora-clang, r-devel-linux-x86_64-fedora-gcc, r-patched-solaris-x86, r-release-osx-x86_64, r-oldrel-osx-x86_64
Version: 4.2.6
Check: package dependencies
Result: NOTE
Package suggested but not available for checking: ‘ALDEx2’
Flavors: r-release-osx-x86_64, r-oldrel-osx-x86_64