CRAN Package Check Results for Package pubh

Last updated on 2020-03-27 00:49:33 CET.

Flavor Version Tinstall Tcheck Ttotal Status Flags
r-devel-linux-x86_64-debian-clang 1.1.6 15.15 191.83 206.98 OK
r-devel-linux-x86_64-debian-gcc 1.1.6 11.69 143.00 154.69 OK
r-devel-linux-x86_64-fedora-clang 1.1.6 249.16 NOTE
r-devel-linux-x86_64-fedora-gcc 1.1.6 244.48 NOTE
r-devel-windows-ix86+x86_64 1.1.6 31.00 196.00 227.00 OK
r-devel-windows-ix86+x86_64-gcc8 1.1.6 34.00 234.00 268.00 OK
r-patched-linux-x86_64 1.1.6 12.83 170.84 183.67 OK
r-patched-solaris-x86 1.1.6 340.60 NOTE
r-release-linux-x86_64 1.1.6 10.25 167.02 177.27 OK
r-release-windows-ix86+x86_64 1.1.6 45.00 289.00 334.00 OK
r-release-osx-x86_64 1.1.6 NOTE
r-oldrel-windows-ix86+x86_64 0.4.3 10.00 108.00 118.00 OK
r-oldrel-osx-x86_64 1.1.6 ERROR

Check Details

Version: 1.1.6
Check: dependencies in R code
Result: NOTE
    Namespaces in Imports field not imported from:
     ‘Hmisc’ ‘dplyr’
     All declared Imports should be used.
Flavors: r-devel-linux-x86_64-fedora-clang, r-devel-linux-x86_64-fedora-gcc, r-patched-solaris-x86, r-release-osx-x86_64

Version: 1.1.6
Check: whether package can be installed
Result: ERROR
    Installation failed.
Flavor: r-oldrel-osx-x86_64