Last updated on 2020-03-27 00:49:33 CET.
Flavor | Version | Tinstall | Tcheck | Ttotal | Status | Flags |
---|---|---|---|---|---|---|
r-devel-linux-x86_64-debian-clang | 0.0.1 | 3.48 | 26.97 | 30.45 | OK | |
r-devel-linux-x86_64-debian-gcc | 0.0.1 | 2.76 | 21.07 | 23.83 | OK | |
r-devel-linux-x86_64-fedora-clang | 0.0.1 | 40.22 | NOTE | |||
r-devel-linux-x86_64-fedora-gcc | 0.0.1 | 35.92 | NOTE | |||
r-devel-windows-ix86+x86_64 | 0.0.1 | 14.00 | 37.00 | 51.00 | OK | |
r-devel-windows-ix86+x86_64-gcc8 | 0.0.1 | 13.00 | 45.00 | 58.00 | OK | |
r-patched-linux-x86_64 | 0.0.1 | 2.86 | 24.41 | 27.27 | OK | |
r-patched-solaris-x86 | 0.0.1 | 57.20 | NOTE | |||
r-release-linux-x86_64 | 0.0.1 | 2.59 | 23.95 | 26.54 | OK | |
r-release-windows-ix86+x86_64 | 0.0.1 | 15.00 | 56.00 | 71.00 | OK | |
r-release-osx-x86_64 | 0.0.1 | NOTE | ||||
r-oldrel-windows-ix86+x86_64 | 0.0.1 | 12.00 | 49.00 | 61.00 | OK | |
r-oldrel-osx-x86_64 | 0.0.1 | NOTE |
Version: 0.0.1
Check: dependencies in R code
Result: NOTE
Namespaces in Imports field not imported from:
‘kableExtra’ ‘readr’ ‘tidyverse’
All declared Imports should be used.
Flavors: r-devel-linux-x86_64-fedora-clang, r-devel-linux-x86_64-fedora-gcc, r-patched-solaris-x86, r-release-osx-x86_64, r-oldrel-osx-x86_64