Last updated on 2020-03-27 00:49:33 CET.
Flavor | Version | Tinstall | Tcheck | Ttotal | Status | Flags |
---|---|---|---|---|---|---|
r-devel-linux-x86_64-debian-clang | 1.4-1 | 18.69 | 148.83 | 167.52 | OK | |
r-devel-linux-x86_64-debian-gcc | 1.4-1 | 14.66 | 112.26 | 126.92 | OK | |
r-devel-linux-x86_64-fedora-clang | 1.4-1 | 187.83 | NOTE | |||
r-devel-linux-x86_64-fedora-gcc | 1.4-1 | 181.14 | OK | |||
r-devel-windows-ix86+x86_64 | 1.4-1 | 40.00 | 212.00 | 252.00 | OK | |
r-devel-windows-ix86+x86_64-gcc8 | 1.4-1 | 38.00 | 233.00 | 271.00 | OK | |
r-patched-linux-x86_64 | 1.4-1 | 15.80 | 128.00 | 143.80 | OK | |
r-patched-solaris-x86 | 1.4-1 | 274.00 | NOTE | |||
r-release-linux-x86_64 | 1.4-1 | 15.37 | 127.61 | 142.98 | OK | |
r-release-windows-ix86+x86_64 | 1.4-1 | 49.00 | 283.00 | 332.00 | OK | |
r-release-osx-x86_64 | 1.4-1 | WARN | ||||
r-oldrel-windows-ix86+x86_64 | 1.4-1 | 39.00 | 268.00 | 307.00 | OK | |
r-oldrel-osx-x86_64 | 1.4-1 | WARN |
Version: 1.4-1
Check: installed package size
Result: NOTE
installed size is 5.0Mb
sub-directories of 1Mb or more:
data 3.7Mb
Flavors: r-devel-linux-x86_64-fedora-clang, r-patched-solaris-x86, r-release-osx-x86_64
Version: 1.4-1
Check: whether package can be installed
Result: WARN
Found the following significant warnings:
Warning: 'rgl_init' failed, running with rgl.useNULL = TRUE
Flavors: r-release-osx-x86_64, r-oldrel-osx-x86_64