Last updated on 2020-03-27 00:49:33 CET.
Flavor | Version | Tinstall | Tcheck | Ttotal | Status | Flags |
---|---|---|---|---|---|---|
r-devel-linux-x86_64-debian-clang | 0.0.4 | 6.96 | 60.44 | 67.40 | OK | |
r-devel-linux-x86_64-debian-gcc | 0.0.4 | 5.71 | 46.74 | 52.45 | OK | |
r-devel-linux-x86_64-fedora-clang | 0.0.4 | 75.71 | NOTE | |||
r-devel-linux-x86_64-fedora-gcc | 0.0.4 | 73.63 | NOTE | |||
r-devel-windows-ix86+x86_64 | 0.0.4 | 18.00 | 70.00 | 88.00 | OK | |
r-devel-windows-ix86+x86_64-gcc8 | 0.0.4 | 15.00 | 78.00 | 93.00 | OK | |
r-patched-linux-x86_64 | 0.0.4 | 5.41 | 54.07 | 59.48 | OK | |
r-patched-solaris-x86 | 0.0.4 | 117.60 | NOTE | |||
r-release-linux-x86_64 | 0.0.4 | 5.23 | 54.92 | 60.15 | OK | |
r-release-windows-ix86+x86_64 | 0.0.4 | 26.00 | 102.00 | 128.00 | OK | |
r-release-osx-x86_64 | 0.0.4 | NOTE | ||||
r-oldrel-windows-ix86+x86_64 | 0.0.4 | 14.00 | 102.00 | 116.00 | OK | |
r-oldrel-osx-x86_64 | 0.0.4 | NOTE |
Version: 0.0.4
Check: dependencies in R code
Result: NOTE
Namespace in Imports field not imported from: ‘knitr’
All declared Imports should be used.
Flavors: r-devel-linux-x86_64-fedora-clang, r-devel-linux-x86_64-fedora-gcc, r-patched-solaris-x86, r-release-osx-x86_64, r-oldrel-osx-x86_64