CRAN Package Check Results for Package qte

Last updated on 2020-03-27 00:49:33 CET.

Flavor Version Tinstall Tcheck Ttotal Status Flags
r-devel-linux-x86_64-debian-clang 1.3.0 14.03 130.65 144.68 OK
r-devel-linux-x86_64-debian-gcc 1.3.0 11.07 100.20 111.27 OK
r-devel-linux-x86_64-fedora-clang 1.3.0 180.59 NOTE
r-devel-linux-x86_64-fedora-gcc 1.3.0 163.85 NOTE
r-devel-windows-ix86+x86_64 1.3.0 34.00 119.00 153.00 OK
r-devel-windows-ix86+x86_64-gcc8 1.3.0 31.00 146.00 177.00 OK
r-patched-linux-x86_64 1.3.0 12.81 112.30 125.11 OK
r-patched-solaris-x86 1.3.0 258.30 NOTE
r-release-linux-x86_64 1.3.0 12.76 111.75 124.51 OK
r-release-windows-ix86+x86_64 1.3.0 26.00 183.00 209.00 OK
r-release-osx-x86_64 1.3.0 NOTE
r-oldrel-windows-ix86+x86_64 1.3.0 27.00 178.00 205.00 OK
r-oldrel-osx-x86_64 1.3.0 NOTE

Check Details

Version: 1.3.0
Check: dependencies in R code
Result: NOTE
    Namespaces in Imports field not imported from:
     ‘knitr’ ‘msm’
     All declared Imports should be used.
Flavors: r-devel-linux-x86_64-fedora-clang, r-devel-linux-x86_64-fedora-gcc, r-patched-solaris-x86, r-release-osx-x86_64, r-oldrel-osx-x86_64