Last updated on 2020-03-27 00:49:33 CET.
Flavor | Version | Tinstall | Tcheck | Ttotal | Status | Flags |
---|---|---|---|---|---|---|
r-devel-linux-x86_64-debian-clang | 1.3-7 | 6.68 | 27.72 | 34.40 | WARN | |
r-devel-linux-x86_64-debian-gcc | 1.3-7 | 4.99 | 22.22 | 27.21 | OK | |
r-devel-linux-x86_64-fedora-clang | 1.3-7 | 46.57 | WARN | |||
r-devel-linux-x86_64-fedora-gcc | 1.3-7 | 40.88 | OK | |||
r-devel-windows-ix86+x86_64 | 1.3-7 | 25.00 | 45.00 | 70.00 | OK | |
r-devel-windows-ix86+x86_64-gcc8 | 1.3-7 | 18.00 | 48.00 | 66.00 | OK | |
r-patched-linux-x86_64 | 1.3-7 | 5.66 | 24.74 | 30.40 | OK | |
r-patched-solaris-x86 | 1.3-7 | 62.40 | OK | |||
r-release-linux-x86_64 | 1.3-7 | 5.52 | 24.66 | 30.18 | OK | |
r-release-windows-ix86+x86_64 | 1.3-7 | 50.00 | 65.00 | 115.00 | OK | |
r-release-osx-x86_64 | 1.3-7 | OK | ||||
r-oldrel-windows-ix86+x86_64 | 1.3-7 | 22.00 | 71.00 | 93.00 | OK | |
r-oldrel-osx-x86_64 | 1.3-7 | OK |
Version: 1.3-7
Check: whether package can be installed
Result: WARN
Found the following significant warnings:
rf.c:454:1: warning: expression result unused [-Wunused-value]
Flavors: r-devel-linux-x86_64-debian-clang, r-devel-linux-x86_64-fedora-clang