CRAN Package Check Results for Package rSQM

Last updated on 2020-03-27 00:49:35 CET.

Flavor Version Tinstall Tcheck Ttotal Status Flags
r-devel-linux-x86_64-debian-clang 1.3.14 10.64 86.97 97.61 NOTE
r-devel-linux-x86_64-debian-gcc 1.3.14 9.24 65.55 74.79 NOTE
r-devel-linux-x86_64-fedora-clang 1.3.14 124.16 NOTE
r-devel-linux-x86_64-fedora-gcc 1.3.14 113.46 NOTE
r-devel-windows-ix86+x86_64 1.3.14 27.00 97.00 124.00 OK
r-devel-windows-ix86+x86_64-gcc8 1.3.14 23.00 108.00 131.00 OK
r-patched-linux-x86_64 1.3.14 9.61 73.93 83.54 OK
r-patched-solaris-x86 1.3.14 170.20 NOTE
r-release-linux-x86_64 1.3.14 8.81 74.94 83.75 OK
r-release-windows-ix86+x86_64 1.3.14 33.00 150.00 183.00 OK
r-release-osx-x86_64 1.3.14 OK
r-oldrel-windows-ix86+x86_64 1.3.14 20.00 124.00 144.00 OK
r-oldrel-osx-x86_64 1.3.14 OK

Check Details

Version: 1.3.14
Check: for non-standard things in the check directory
Result: NOTE
    Found the following files/directories:
     'Database' 'rSQM.yaml' 'rSQM_Sample_Project' 'sample_script.R'
Flavors: r-devel-linux-x86_64-debian-clang, r-devel-linux-x86_64-debian-gcc, r-devel-linux-x86_64-fedora-clang, r-devel-linux-x86_64-fedora-gcc, r-patched-solaris-x86