CRAN Package Check Results for Package radiant.data

Last updated on 2020-03-27 00:49:33 CET.

Flavor Version Tinstall Tcheck Ttotal Status Flags
r-devel-linux-x86_64-debian-clang 1.3.4 14.58 117.86 132.44 OK
r-devel-linux-x86_64-debian-gcc 1.3.4 13.76 87.38 101.14 OK
r-devel-linux-x86_64-fedora-clang 1.3.4 154.12 NOTE
r-devel-linux-x86_64-fedora-gcc 1.3.4 144.52 OK
r-devel-windows-ix86+x86_64 1.0.6 27.00 131.00 158.00 OK
r-devel-windows-ix86+x86_64-gcc8 1.0.6 36.00 157.00 193.00 OK
r-patched-linux-x86_64 1.3.4 13.69 104.65 118.34 OK
r-patched-solaris-x86 1.3.4 224.90 OK
r-release-linux-x86_64 1.3.4 12.16 106.37 118.53 OK
r-release-windows-ix86+x86_64 1.3.4 76.00 214.00 290.00 OK
r-release-osx-x86_64 1.3.4 OK
r-oldrel-windows-ix86+x86_64 1.3.4 24.00 154.00 178.00 OK
r-oldrel-osx-x86_64 1.3.4 OK

Check Details

Version: 1.3.4
Check: package dependencies
Result: NOTE
    Imports includes 27 non-default packages.
    Importing from so many packages makes the package vulnerable to any of
    them becoming unavailable. Move as many as possible to Suggests and
    use conditionally.
Flavor: r-devel-linux-x86_64-fedora-clang