CRAN Package Check Results for Package radiant.multivariate

Last updated on 2020-03-27 00:49:33 CET.

Flavor Version Tinstall Tcheck Ttotal Status Flags
r-devel-linux-x86_64-debian-clang 0.9.9.1 17.93 147.39 165.32 OK
r-devel-linux-x86_64-debian-gcc 1.3.5 15.17 113.33 128.50 OK
r-devel-linux-x86_64-fedora-clang 1.3.5 191.41 OK
r-devel-linux-x86_64-fedora-gcc 1.3.5 183.75 OK
r-devel-windows-ix86+x86_64 0.9.9.1 53.00 154.00 207.00 OK
r-devel-windows-ix86+x86_64-gcc8 0.9.9.1 49.00 180.00 229.00 OK
r-patched-linux-x86_64 0.9.9.1 16.60 132.75 149.35 OK
r-patched-solaris-x86 1.3.5 293.30 NOTE
r-release-linux-x86_64 1.3.5 15.85 136.35 152.20 OK
r-release-windows-ix86+x86_64 0.9.9.1 69.00 243.00 312.00 OK
r-release-osx-x86_64 0.9.9.1 OK
r-oldrel-windows-ix86+x86_64 0.9.9.1 42.00 8.00 50.00 ERROR
r-oldrel-osx-x86_64 0.9.9.1 OK

Check Details

Version: 1.3.5
Check: installed package size
Result: NOTE
     installed size is 6.3Mb
     sub-directories of 1Mb or more:
     app 6.0Mb
Flavor: r-patched-solaris-x86

Version: 0.9.9.1
Check: whether package can be installed
Result: ERROR
    Installation failed.
Flavor: r-oldrel-windows-ix86+x86_64