Last updated on 2020-03-27 00:49:33 CET.
Flavor | Version | Tinstall | Tcheck | Ttotal | Status | Flags |
---|---|---|---|---|---|---|
r-devel-linux-x86_64-debian-clang | 1.1.0 | 4.41 | 52.75 | 57.16 | OK | |
r-devel-linux-x86_64-debian-gcc | 1.1.0 | 3.83 | 39.80 | 43.63 | OK | |
r-devel-linux-x86_64-fedora-clang | 1.1.0 | 71.46 | NOTE | |||
r-devel-linux-x86_64-fedora-gcc | 1.1.0 | 62.00 | NOTE | |||
r-devel-windows-ix86+x86_64 | 1.1.0 | 14.00 | 127.00 | 141.00 | OK | |
r-devel-windows-ix86+x86_64-gcc8 | 1.1.0 | 10.00 | 102.00 | 112.00 | OK | |
r-patched-linux-x86_64 | 1.1.0 | 3.30 | 46.60 | 49.90 | OK | |
r-patched-solaris-x86 | 1.1.0 | 99.80 | NOTE | |||
r-release-linux-x86_64 | 1.1.0 | 3.88 | 47.07 | 50.95 | OK | |
r-release-windows-ix86+x86_64 | 1.1.0 | 18.00 | 154.00 | 172.00 | OK | |
r-release-osx-x86_64 | 1.1.0 | NOTE | ||||
r-oldrel-windows-ix86+x86_64 | 1.1.0 | 16.00 | 211.00 | 227.00 | OK | |
r-oldrel-osx-x86_64 | 1.1.0 | NOTE |
Version: 1.1.0
Check: dependencies in R code
Result: NOTE
Namespace in Imports field not imported from: ‘testthat’
All declared Imports should be used.
Flavors: r-devel-linux-x86_64-fedora-clang, r-devel-linux-x86_64-fedora-gcc, r-patched-solaris-x86, r-release-osx-x86_64, r-oldrel-osx-x86_64