CRAN Package Check Results for Package randstr

Last updated on 2020-03-27 00:49:33 CET.

Flavor Version Tinstall Tcheck Ttotal Status Flags
r-devel-linux-x86_64-debian-clang 0.2.0 2.05 18.64 20.69 OK
r-devel-linux-x86_64-debian-gcc 0.2.0 1.69 15.04 16.73 OK
r-devel-linux-x86_64-fedora-clang 0.2.0 27.74 OK
r-devel-linux-x86_64-fedora-gcc 0.2.0 24.78 OK
r-devel-windows-ix86+x86_64 0.2.0 3.00 6.00 9.00 ERROR
r-devel-windows-ix86+x86_64-gcc8 0.2.0 6.00 33.00 39.00 OK
r-patched-linux-x86_64 0.2.0 1.59 17.81 19.40 OK
r-patched-solaris-x86 0.2.0 47.50 OK
r-release-linux-x86_64 0.2.0 1.57 17.86 19.43 OK
r-release-windows-ix86+x86_64 0.2.0 4.00 7.00 11.00 ERROR
r-release-osx-x86_64 0.2.0 OK
r-oldrel-windows-ix86+x86_64 0.2.0 3.00 8.00 11.00 ERROR
r-oldrel-osx-x86_64 0.2.0 OK

Check Details

Version: 0.2.0
Check: whether package can be installed
Result: ERROR
    Installation failed.
Flavors: r-devel-windows-ix86+x86_64, r-release-windows-ix86+x86_64, r-oldrel-windows-ix86+x86_64