CRAN Package Check Results for Package raustats

Last updated on 2020-03-27 00:49:33 CET.

Flavor Version Tinstall Tcheck Ttotal Status Flags
r-devel-linux-x86_64-debian-clang 0.15.0 7.17 127.05 134.22 OK
r-devel-linux-x86_64-debian-gcc 0.15.0 5.28 96.34 101.62 OK
r-devel-linux-x86_64-fedora-clang 0.15.0 163.04 NOTE
r-devel-linux-x86_64-fedora-gcc 0.15.0 152.01 NOTE
r-devel-windows-ix86+x86_64 0.15.0 16.00 404.00 420.00 OK
r-devel-windows-ix86+x86_64-gcc8 0.15.0 15.00 389.00 404.00 OK
r-patched-linux-x86_64 0.15.0 5.06 114.01 119.07 OK
r-patched-solaris-x86 0.15.0 272.90 NOTE
r-release-linux-x86_64 0.15.0 5.25 118.02 123.27 OK
r-release-windows-ix86+x86_64 0.15.0 25.00 464.00 489.00 OK
r-release-osx-x86_64 0.15.0 NOTE
r-oldrel-windows-ix86+x86_64 0.15.0 19.00 472.00 491.00 OK
r-oldrel-osx-x86_64 0.15.0 NOTE

Check Details

Version: 0.15.0
Check: data for non-ASCII characters
Result: NOTE
     Note: found 12 marked UTF-8 strings
Flavors: r-devel-linux-x86_64-fedora-clang, r-devel-linux-x86_64-fedora-gcc, r-patched-solaris-x86, r-release-osx-x86_64, r-oldrel-osx-x86_64