Last updated on 2020-03-27 00:49:33 CET.
Flavor | Version | Tinstall | Tcheck | Ttotal | Status | Flags |
---|---|---|---|---|---|---|
r-devel-linux-x86_64-debian-clang | 1.3.1 | 13.50 | 107.18 | 120.68 | OK | |
r-devel-linux-x86_64-debian-gcc | 1.3.1 | 12.73 | 82.51 | 95.24 | OK | |
r-devel-linux-x86_64-fedora-clang | 1.3.1 | 157.15 | NOTE | |||
r-devel-linux-x86_64-fedora-gcc | 1.3.1 | 140.21 | NOTE | |||
r-devel-windows-ix86+x86_64 | 1.3.0 | 27.00 | 110.00 | 137.00 | OK | |
r-devel-windows-ix86+x86_64-gcc8 | 1.3.0 | 28.00 | 120.00 | 148.00 | OK | |
r-patched-linux-x86_64 | 1.3.1 | 12.84 | 94.35 | 107.19 | OK | |
r-patched-solaris-x86 | 1.3.1 | 218.60 | NOTE | |||
r-release-linux-x86_64 | 1.3.1 | 12.13 | 93.64 | 105.77 | OK | |
r-release-windows-ix86+x86_64 | 1.3.1 | 32.00 | 153.00 | 185.00 | OK | |
r-release-osx-x86_64 | 1.3.1 | NOTE | ||||
r-oldrel-windows-ix86+x86_64 | 1.3.1 | 22.00 | 141.00 | 163.00 | OK | |
r-oldrel-osx-x86_64 | 1.3.1 | NOTE |
Version: 1.3.1
Check: dependencies in R code
Result: NOTE
Namespace in Imports field not imported from: ‘knitr’
All declared Imports should be used.
Flavors: r-devel-linux-x86_64-fedora-clang, r-devel-linux-x86_64-fedora-gcc, r-patched-solaris-x86, r-release-osx-x86_64, r-oldrel-osx-x86_64