Last updated on 2020-03-27 00:49:33 CET.
Flavor | Version | Tinstall | Tcheck | Ttotal | Status | Flags |
---|---|---|---|---|---|---|
r-devel-linux-x86_64-debian-clang | 1.1.2 | 51.36 | 105.37 | 156.73 | OK | |
r-devel-linux-x86_64-debian-gcc | 1.1.2 | 33.71 | 81.05 | 114.76 | OK | |
r-devel-linux-x86_64-fedora-clang | 1.1.2 | 208.75 | OK | |||
r-devel-linux-x86_64-fedora-gcc | 1.1.2 | 191.96 | OK | |||
r-devel-windows-ix86+x86_64 | 1.1.2 | 75.00 | 154.00 | 229.00 | OK | |
r-devel-windows-ix86+x86_64-gcc8 | 1.1.2 | 101.00 | 170.00 | 271.00 | OK | |
r-patched-linux-x86_64 | 1.1.2 | 42.63 | 95.43 | 138.06 | OK | |
r-patched-solaris-x86 | 1.1.2 | 222.90 | OK | |||
r-release-linux-x86_64 | 1.1.2 | 39.83 | 96.74 | 136.57 | OK | |
r-release-windows-ix86+x86_64 | 1.1.2 | 136.00 | 216.00 | 352.00 | OK | |
r-release-osx-x86_64 | 1.1.2 | WARN | ||||
r-oldrel-windows-ix86+x86_64 | 1.1.2 | 110.00 | 187.00 | 297.00 | OK | |
r-oldrel-osx-x86_64 | 1.1.2 | WARN |
Version: 1.1.2
Check: dependencies in R code
Result: NOTE
No protocol specified
No protocol specified
No protocol specified
Flavors: r-release-osx-x86_64, r-oldrel-osx-x86_64
Version: 1.1.2
Check: S3 generic/method consistency
Result: WARN
No protocol specified
No protocol specified
See section ‘Generic functions and methods’ in the ‘Writing R
Extensions’ manual.
Flavors: r-release-osx-x86_64, r-oldrel-osx-x86_64
Version: 1.1.2
Check: replacement functions
Result: WARN
No protocol specified
No protocol specified
The argument of a replacement function which corresponds to the right
hand side must be named ‘value’.
Flavors: r-release-osx-x86_64, r-oldrel-osx-x86_64
Version: 1.1.2
Check: foreign function calls
Result: NOTE
No protocol specified
No protocol specified
See chapter ‘System and foreign language interfaces’ in the ‘Writing R
Extensions’ manual.
Flavors: r-release-osx-x86_64, r-oldrel-osx-x86_64
Version: 1.1.2
Check: R code for possible problems
Result: NOTE
No protocol specified
No protocol specified
Flavors: r-release-osx-x86_64, r-oldrel-osx-x86_64
Version: 1.1.2
Check: for missing documentation entries
Result: WARN
No protocol specified
No protocol specified
All user-level objects in a package should have documentation entries.
See chapter ‘Writing R documentation files’ in the ‘Writing R
Extensions’ manual.
Flavors: r-release-osx-x86_64, r-oldrel-osx-x86_64
Version: 1.1.2
Check: for code/documentation mismatches
Result: WARN
No protocol specified
No protocol specified
No protocol specified
No protocol specified
No protocol specified
No protocol specified
Flavors: r-release-osx-x86_64, r-oldrel-osx-x86_64
Version: 1.1.2
Check: Rd \usage sections
Result: NOTE
No protocol specified
No protocol specified
The \usage entries for S3 methods should use the \method markup and not
their full name.
See chapter ‘Writing R documentation files’ in the ‘Writing R
Extensions’ manual.
Flavors: r-release-osx-x86_64, r-oldrel-osx-x86_64