CRAN Package Check Results for Package recipes

Last updated on 2020-03-27 00:49:34 CET.

Flavor Version Tinstall Tcheck Ttotal Status Flags
r-devel-linux-x86_64-debian-clang 0.1.10 19.51 266.79 286.30 OK
r-devel-linux-x86_64-debian-gcc 0.1.10 17.08 202.41 219.49 OK
r-devel-linux-x86_64-fedora-clang 0.1.10 353.21 OK
r-devel-linux-x86_64-fedora-gcc 0.1.10 322.69 OK
r-devel-windows-ix86+x86_64 0.1.9 33.00 262.00 295.00 ERROR
r-devel-windows-ix86+x86_64-gcc8 0.1.9 44.00 303.00 347.00 OK
r-patched-linux-x86_64 0.1.10 17.97 232.24 250.21 OK
r-patched-solaris-x86 0.1.10 451.10 OK
r-release-linux-x86_64 0.1.10 18.72 234.51 253.23 OK
r-release-windows-ix86+x86_64 0.1.10 50.00 370.00 420.00 OK
r-release-osx-x86_64 0.1.10 OK
r-oldrel-windows-ix86+x86_64 0.1.10 42.00 301.00 343.00 OK
r-oldrel-osx-x86_64 0.1.10 OK

Check Details

Version: 0.1.9
Check: tests
Result: ERROR
     Running 'testthat.R' [51s]
    Running the tests in 'tests/testthat.R' failed.
    Complete output:
     > library(testthat)
     > library(recipes)
     Loading required package: dplyr
    
     Attaching package: 'dplyr'
    
     The following object is masked from 'package:testthat':
    
     matches
    
     The following objects are masked from 'package:stats':
    
     filter, lag
    
     The following objects are masked from 'package:base':
    
     intersect, setdiff, setequal, union
    
    
     Attaching package: 'recipes'
    
     The following object is masked from 'package:stats':
    
     step
    
     >
     > if (requireNamespace("xml2")) {
     + test_check("recipes", reporter = MultiReporter$new(reporters = list(JunitReporter$new(file = "test-results.xml"), CheckReporter$new())))
     + } else {
     + test_check("recipes")
     + }
     Loading required namespace: xml2
     -- 1. Failure: add appropriate column with default settings (@test_intercept.R#2
     `rec_trans` not equal to `exp_res`.
     Incompatible type for column `cat`: x factor, y character
    
     -- 2. Failure: adds arbitrary numeric column (@test_intercept.R#33) -----------
     `rec_trans` not equal to `exp_res`.
     Incompatible type for column `cat`: x factor, y character
    
     -- 3. Failure: check_new_values works on factors (@test_newvalues.R#135) ------
     `res` not equal to `x1`.
     Incompatible type for column `a`: x factor, y character
    
     == testthat results ===========================================================
     [ OK: 1431 | SKIPPED: 8 | WARNINGS: 0 | FAILED: 3 ]
     1. Failure: add appropriate column with default settings (@test_intercept.R#21)
     2. Failure: adds arbitrary numeric column (@test_intercept.R#33)
     3. Failure: check_new_values works on factors (@test_newvalues.R#135)
    
     Error: testthat unit tests failed
     Execution halted
Flavor: r-devel-windows-ix86+x86_64