CRAN Package Check Results for Package red

Last updated on 2020-03-27 00:49:34 CET.

Flavor Version Tinstall Tcheck Ttotal Status Flags
r-devel-linux-x86_64-debian-clang 1.4.0 13.98 114.48 128.46 OK
r-devel-linux-x86_64-debian-gcc 1.4.0 13.00 88.02 101.02 OK
r-devel-linux-x86_64-fedora-clang 1.4.0 168.62 OK
r-devel-linux-x86_64-fedora-gcc 1.4.0 153.53 OK
r-devel-windows-ix86+x86_64 1.4.0 40.00 136.00 176.00 OK
r-devel-windows-ix86+x86_64-gcc8 1.4.0 37.00 151.00 188.00 OK
r-patched-linux-x86_64 1.4.0 13.17 100.76 113.93 OK
r-patched-solaris-x86 1.4.0 250.00 OK
r-release-linux-x86_64 1.4.0 12.07 98.86 110.93 OK
r-release-windows-ix86+x86_64 1.4.0 40.00 190.00 230.00 OK
r-release-osx-x86_64 1.4.0 WARN
r-oldrel-windows-ix86+x86_64 1.4.0 32.00 190.00 222.00 OK
r-oldrel-osx-x86_64 1.4.0 OK

Check Details

Version: 1.4.0
Check: whether package can be installed
Result: WARN
    Found the following significant warnings:
     Warning: 'rgl_init' failed, running with rgl.useNULL = TRUE
Flavor: r-release-osx-x86_64