Last updated on 2020-03-27 00:49:34 CET.
Flavor | Version | Tinstall | Tcheck | Ttotal | Status | Flags |
---|---|---|---|---|---|---|
r-devel-linux-x86_64-debian-clang | 5.8-3.0 | 13.32 | 50.12 | 63.44 | NOTE | |
r-devel-linux-x86_64-debian-gcc | 5.8-3.0 | 7.47 | 43.93 | 51.40 | NOTE | |
r-devel-linux-x86_64-fedora-clang | 5.8-3.0 | 83.82 | NOTE | |||
r-devel-linux-x86_64-fedora-gcc | 5.8-3.0 | 89.09 | NOTE | |||
r-devel-windows-ix86+x86_64 | 5.8-3.0 | 26.00 | 118.00 | 144.00 | NOTE | |
r-devel-windows-ix86+x86_64-gcc8 | 5.8-3.0 | 32.00 | 105.00 | 137.00 | NOTE | |
r-patched-linux-x86_64 | 5.8-3.0 | 8.48 | 62.07 | 70.55 | NOTE | |
r-patched-solaris-x86 | 5.8-3.0 | 112.80 | NOTE | |||
r-release-linux-x86_64 | 5.8-3.0 | 7.66 | 51.89 | 59.55 | NOTE | |
r-release-windows-ix86+x86_64 | 5.8-3.0 | 46.00 | 145.00 | 191.00 | NOTE | |
r-release-osx-x86_64 | 5.8-3.0 | NOTE | ||||
r-oldrel-windows-ix86+x86_64 | 5.8-3.0 | 39.00 | 156.00 | 195.00 | NOTE | |
r-oldrel-osx-x86_64 | 5.8-3.0 | NOTE |
Version: 5.8-3.0
Check: R code for possible problems
Result: NOTE
genoud: multiple local function definitions for 'fn1.bfgs' with
different formal arguments
genoud: multiple local function definitions for 'gr1' with different
formal arguments
genoud: multiple local function definitions for 'hess.fn' with
different formal arguments
genoud_transform: multiple local function definitions for 'fn1.bfgs'
with different formal arguments
genoud_transform: multiple local function definitions for 'gr1' with
different formal arguments
Flavors: r-devel-linux-x86_64-debian-clang, r-devel-linux-x86_64-debian-gcc, r-devel-linux-x86_64-fedora-clang, r-devel-linux-x86_64-fedora-gcc, r-devel-windows-ix86+x86_64, r-devel-windows-ix86+x86_64-gcc8, r-patched-linux-x86_64, r-patched-solaris-x86, r-release-linux-x86_64, r-release-windows-ix86+x86_64, r-release-osx-x86_64, r-oldrel-windows-ix86+x86_64, r-oldrel-osx-x86_64