Last updated on 2020-03-27 00:49:34 CET.
Flavor | Version | Tinstall | Tcheck | Ttotal | Status | Flags |
---|---|---|---|---|---|---|
r-devel-linux-x86_64-debian-clang | 2.1.22 | 29.61 | 36.10 | 65.71 | WARN | |
r-devel-linux-x86_64-debian-gcc | 2.1.22 | 14.39 | 27.94 | 42.33 | WARN | |
r-devel-linux-x86_64-fedora-clang | 2.1.22 | 80.63 | NOTE | |||
r-devel-linux-x86_64-fedora-gcc | 2.1.22 | 64.84 | NOTE | |||
r-devel-windows-ix86+x86_64 | 2.1.22 | 117.00 | 56.00 | 173.00 | NOTE | |
r-devel-windows-ix86+x86_64-gcc8 | 2.1.22 | 87.00 | 61.00 | 148.00 | NOTE | |
r-patched-linux-x86_64 | 2.1.22 | 17.60 | 33.35 | 50.95 | NOTE | |
r-release-linux-x86_64 | 2.1.22 | 16.76 | 32.79 | 49.55 | NOTE | |
r-release-windows-ix86+x86_64 | 2.1.22 | 92.00 | 84.00 | 176.00 | NOTE | |
r-release-osx-x86_64 | 2.1.22 | ERROR | ||||
r-oldrel-windows-ix86+x86_64 | 2.1.22 | 280.00 | 76.00 | 356.00 | OK | |
r-oldrel-osx-x86_64 | 2.1.22 | ERROR |
Version: 2.1.22
Check: whether package can be installed
Result: WARN
Found the following significant warnings:
/usr/include/gtk-2.0/gtk/gtktypeutils.h:236:34: warning: 'GTypeDebugFlags' is deprecated [-Wdeprecated-declarations]
/usr/include/gtk-2.0/gtk/gtktooltips.h:73:3: warning: 'GTimeVal' is deprecated: Use 'GDateTime' instead [-Wdeprecated-declarations]
Flavor: r-devel-linux-x86_64-debian-clang
Version: 2.1.22
Check: top-level files
Result: NOTE
Found a 'configure.in' file: 'configure.ac' has long been preferred.
Output from running autoreconf:
aclocal: warning: autoconf input should be named 'configure.ac', not 'configure.in'
Flavors: r-devel-linux-x86_64-debian-clang, r-devel-linux-x86_64-debian-gcc, r-devel-linux-x86_64-fedora-clang, r-devel-linux-x86_64-fedora-gcc, r-patched-linux-x86_64, r-release-linux-x86_64
Version: 2.1.22
Check: whether package can be installed
Result: WARN
Found the following significant warnings:
/usr/include/gtk-2.0/gtk/gtktypeutils.h:236:1: warning: ‘GTypeDebugFlags’ is deprecated [-Wdeprecated-declarations]
/usr/include/gtk-2.0/gtk/gtktooltips.h:73:3: warning: ‘GTimeVal’ is deprecated: Use 'GDateTime' instead [-Wdeprecated-declarations]
Flavor: r-devel-linux-x86_64-debian-gcc
Version: 2.1.22
Check: top-level files
Result: NOTE
Found a 'configure.in' file: 'configure.ac' has long been preferred.
Flavors: r-devel-windows-ix86+x86_64, r-devel-windows-ix86+x86_64-gcc8, r-release-windows-ix86+x86_64
Version: 2.1.22
Check: whether package can be installed
Result: ERROR
Installation failed.
Flavors: r-release-osx-x86_64, r-oldrel-osx-x86_64