Last updated on 2020-03-27 00:49:34 CET.
Flavor | Version | Tinstall | Tcheck | Ttotal | Status | Flags |
---|---|---|---|---|---|---|
r-devel-linux-x86_64-debian-clang | 0.4.2 | 4.29 | 106.49 | 110.78 | OK | |
r-devel-linux-x86_64-debian-gcc | 0.4.2 | 4.15 | 80.59 | 84.74 | OK | |
r-devel-linux-x86_64-fedora-clang | 0.4.2 | 127.00 | NOTE | |||
r-devel-linux-x86_64-fedora-gcc | 0.4.2 | 124.52 | NOTE | |||
r-devel-windows-ix86+x86_64 | 0.4.2 | 14.00 | 112.00 | 126.00 | OK | |
r-devel-windows-ix86+x86_64-gcc8 | 0.4.2 | 11.00 | 116.00 | 127.00 | OK | |
r-patched-linux-x86_64 | 0.4.2 | 4.27 | 93.76 | 98.03 | OK | |
r-patched-solaris-x86 | 0.4.2 | 154.50 | NOTE | |||
r-release-linux-x86_64 | 0.4.2 | 3.73 | 93.71 | 97.44 | OK | |
r-release-windows-ix86+x86_64 | 0.4.2 | 16.00 | 140.00 | 156.00 | OK | |
r-release-osx-x86_64 | 0.4.2 | NOTE | ||||
r-oldrel-windows-ix86+x86_64 | 0.4.2 | 14.00 | 153.00 | 167.00 | OK | |
r-oldrel-osx-x86_64 | 0.4.2 | NOTE |
Version: 0.4.2
Check: data for non-ASCII characters
Result: NOTE
Note: found 31 marked UTF-8 strings
Flavors: r-devel-linux-x86_64-fedora-clang, r-devel-linux-x86_64-fedora-gcc, r-patched-solaris-x86, r-release-osx-x86_64, r-oldrel-osx-x86_64
Version: 0.4.2
Check: dependencies in R code
Result: NOTE
Missing or unexported object: ‘tidyr::one_of’
Flavors: r-release-osx-x86_64, r-oldrel-osx-x86_64