Last updated on 2020-03-27 00:49:34 CET.
Flavor | Version | Tinstall | Tcheck | Ttotal | Status | Flags |
---|---|---|---|---|---|---|
r-devel-linux-x86_64-debian-clang | 1.3.1 | 10.27 | 180.68 | 190.95 | OK | |
r-devel-linux-x86_64-debian-gcc | 1.3.1 | 8.86 | 139.03 | 147.89 | OK | |
r-devel-linux-x86_64-fedora-clang | 1.3.1 | 220.50 | OK | |||
r-devel-linux-x86_64-fedora-gcc | 1.3.1 | 211.17 | OK | |||
r-devel-windows-ix86+x86_64 | 1.3.1 | 29.00 | 115.00 | 144.00 | OK | |
r-devel-windows-ix86+x86_64-gcc8 | 1.3.1 | 19.00 | 119.00 | 138.00 | OK | |
r-patched-linux-x86_64 | 1.3.1 | 10.19 | 170.98 | 181.17 | OK | |
r-patched-solaris-x86 | 1.3.1 | 296.60 | NOTE | |||
r-release-linux-x86_64 | 1.3.1 | 7.73 | 165.30 | 173.03 | OK | |
r-release-windows-ix86+x86_64 | 1.3.1 | 40.00 | 159.00 | 199.00 | OK | |
r-release-osx-x86_64 | 1.3.1 | OK | ||||
r-oldrel-windows-ix86+x86_64 | 1.3.1 | 23.00 | 152.00 | 175.00 | OK | |
r-oldrel-osx-x86_64 | 1.3.1 | OK |
Version: 1.3.1
Check: installed package size
Result: NOTE
installed size is 5.2Mb
sub-directories of 1Mb or more:
java 4.4Mb
Flavor: r-patched-solaris-x86