Last updated on 2020-03-27 00:49:34 CET.
Flavor | Version | Tinstall | Tcheck | Ttotal | Status | Flags |
---|---|---|---|---|---|---|
r-devel-linux-x86_64-debian-clang | 1.1.1 | 348.29 | 171.82 | 520.11 | NOTE | |
r-devel-linux-x86_64-debian-gcc | 1.1.1 | 295.42 | 139.71 | 435.13 | NOTE | |
r-devel-linux-x86_64-fedora-clang | 1.1.1 | 710.35 | NOTE | |||
r-devel-linux-x86_64-fedora-gcc | 1.1.1 | 734.78 | NOTE | |||
r-devel-windows-ix86+x86_64 | 1.1.1 | 477.00 | 299.00 | 776.00 | NOTE | |
r-devel-windows-ix86+x86_64-gcc8 | 1.1.1 | 606.00 | 342.00 | 948.00 | NOTE | |
r-patched-linux-x86_64 | 1.1.1 | 291.37 | 162.63 | 454.00 | NOTE | |
r-patched-solaris-x86 | 1.1.1 | 715.10 | NOTE | |||
r-release-linux-x86_64 | 1.1.1 | 288.02 | 161.55 | 449.57 | NOTE | |
r-release-windows-ix86+x86_64 | 1.1.1 | 239.00 | 8.00 | 247.00 | ERROR | |
r-release-osx-x86_64 | 1.1.1 | NOTE | ||||
r-oldrel-windows-ix86+x86_64 | 1.1.1 | 219.00 | 7.00 | 226.00 | ERROR | |
r-oldrel-osx-x86_64 | 1.1.1 | NOTE |
Version: 1.1.1
Check: for GNU extensions in Makefiles
Result: NOTE
GNU make is a SystemRequirements.
Flavors: r-devel-linux-x86_64-debian-clang, r-devel-linux-x86_64-debian-gcc, r-devel-linux-x86_64-fedora-clang, r-devel-linux-x86_64-fedora-gcc, r-devel-windows-ix86+x86_64, r-devel-windows-ix86+x86_64-gcc8, r-patched-linux-x86_64, r-patched-solaris-x86, r-release-linux-x86_64, r-release-osx-x86_64, r-oldrel-osx-x86_64
Version: 1.1.1
Check: installed package size
Result: NOTE
installed size is 60.7Mb
sub-directories of 1Mb or more:
libs 59.9Mb
Flavors: r-devel-linux-x86_64-fedora-clang, r-devel-windows-ix86+x86_64, r-devel-windows-ix86+x86_64-gcc8, r-release-osx-x86_64, r-oldrel-osx-x86_64
Version: 1.1.1
Check: dependencies in R code
Result: NOTE
Namespace in Imports field not imported from: ‘rlang’
All declared Imports should be used.
Flavors: r-devel-linux-x86_64-fedora-clang, r-devel-linux-x86_64-fedora-gcc, r-patched-solaris-x86, r-release-osx-x86_64, r-oldrel-osx-x86_64
Version: 1.1.1
Check: whether package can be installed
Result: ERROR
Installation failed.
Flavors: r-release-windows-ix86+x86_64, r-oldrel-windows-ix86+x86_64