CRAN Package Check Results for Package robotstxt

Last updated on 2020-03-27 00:49:35 CET.

Flavor Version Tinstall Tcheck Ttotal Status Flags
r-devel-linux-x86_64-debian-clang 0.6.2 2.28 31.04 33.32 OK
r-devel-linux-x86_64-debian-gcc 0.6.2 2.05 24.83 26.88 OK
r-devel-linux-x86_64-fedora-clang 0.6.2 43.10 NOTE
r-devel-linux-x86_64-fedora-gcc 0.6.2 39.54 NOTE
r-devel-windows-ix86+x86_64 0.6.2 7.00 41.00 48.00 OK
r-devel-windows-ix86+x86_64-gcc8 0.6.2 6.00 46.00 52.00 OK
r-patched-linux-x86_64 0.6.2 2.17 28.00 30.17 OK
r-patched-solaris-x86 0.6.2 61.90 NOTE
r-release-linux-x86_64 0.6.2 2.06 28.03 30.09 OK
r-release-windows-ix86+x86_64 0.6.2 7.00 64.00 71.00 OK
r-release-osx-x86_64 0.6.2 NOTE
r-oldrel-windows-ix86+x86_64 0.6.2 5.00 65.00 70.00 OK
r-oldrel-osx-x86_64 0.6.2 NOTE

Check Details

Version: 0.6.2
Check: dependencies in R code
Result: NOTE
    Namespace in Imports field not imported from: ‘future’
     All declared Imports should be used.
Flavors: r-devel-linux-x86_64-fedora-clang, r-devel-linux-x86_64-fedora-gcc, r-patched-solaris-x86, r-release-osx-x86_64, r-oldrel-osx-x86_64