Last updated on 2020-03-27 00:49:35 CET.
Flavor | Version | Tinstall | Tcheck | Ttotal | Status | Flags |
---|---|---|---|---|---|---|
r-devel-linux-x86_64-debian-clang | 0.2.0 | 10.11 | 69.69 | 79.80 | OK | |
r-devel-linux-x86_64-debian-gcc | 0.2.0 | 8.13 | 52.44 | 60.57 | OK | |
r-devel-linux-x86_64-fedora-clang | 0.2.0 | 95.16 | NOTE | |||
r-devel-linux-x86_64-fedora-gcc | 0.2.0 | 89.01 | NOTE | |||
r-devel-windows-ix86+x86_64 | 0.2.0 | 16.00 | 78.00 | 94.00 | OK | |
r-devel-windows-ix86+x86_64-gcc8 | 0.2.0 | 23.00 | 85.00 | 108.00 | OK | |
r-patched-linux-x86_64 | 0.2.0 | 8.23 | 59.90 | 68.13 | OK | |
r-patched-solaris-x86 | 0.2.0 | 131.30 | NOTE | |||
r-release-linux-x86_64 | 0.2.0 | 8.31 | 59.88 | 68.19 | OK | |
r-release-windows-ix86+x86_64 | 0.2.0 | 24.00 | 105.00 | 129.00 | OK | |
r-release-osx-x86_64 | 0.2.0 | NOTE | ||||
r-oldrel-windows-ix86+x86_64 | 0.2.0 | 22.00 | 107.00 | 129.00 | OK | |
r-oldrel-osx-x86_64 | 0.2.0 | NOTE |
Version: 0.2.0
Check: dependencies in R code
Result: NOTE
Namespaces in Imports field not imported from:
‘gridExtra’ ‘methods’
All declared Imports should be used.
Flavors: r-devel-linux-x86_64-fedora-clang, r-devel-linux-x86_64-fedora-gcc, r-patched-solaris-x86, r-release-osx-x86_64, r-oldrel-osx-x86_64