Last updated on 2020-03-27 00:49:35 CET.
Flavor | Version | Tinstall | Tcheck | Ttotal | Status | Flags |
---|---|---|---|---|---|---|
r-devel-linux-x86_64-debian-clang | 2.0.6 | 62.92 | 430.91 | 493.83 | OK | |
r-devel-linux-x86_64-debian-gcc | 2.0.6 | 57.30 | 305.15 | 362.45 | OK | |
r-devel-linux-x86_64-fedora-clang | 2.0.6 | 594.48 | NOTE | |||
r-devel-linux-x86_64-fedora-gcc | 2.0.6 | 556.34 | OK | |||
r-devel-windows-ix86+x86_64 | 2.0.6 | 82.00 | 626.00 | 708.00 | NOTE | |
r-devel-windows-ix86+x86_64-gcc8 | 2.0.6 | 106.00 | 714.00 | 820.00 | NOTE | |
r-patched-linux-x86_64 | 2.0.6 | 55.09 | 366.15 | 421.24 | OK | |
r-patched-solaris-x86 | 2.0.6 | 620.20 | OK | |||
r-release-linux-x86_64 | 2.0.6 | 56.72 | 368.65 | 425.37 | OK | |
r-release-windows-ix86+x86_64 | 2.0.6 | 130.00 | 793.00 | 923.00 | NOTE | |
r-release-osx-x86_64 | 2.0.6 | NOTE | ||||
r-oldrel-windows-ix86+x86_64 | 2.0.6 | 181.00 | 787.00 | 968.00 | NOTE | |
r-oldrel-osx-x86_64 | 2.0.6 | NOTE |
Version: 2.0.6
Check: installed package size
Result: NOTE
installed size is 6.2Mb
sub-directories of 1Mb or more:
R 2.1Mb
libs 2.5Mb
tests 1.3Mb
Flavors: r-devel-linux-x86_64-fedora-clang, r-devel-windows-ix86+x86_64, r-devel-windows-ix86+x86_64-gcc8, r-release-windows-ix86+x86_64, r-release-osx-x86_64, r-oldrel-windows-ix86+x86_64, r-oldrel-osx-x86_64