Last updated on 2020-03-27 00:49:35 CET.
Flavor | Version | Tinstall | Tcheck | Ttotal | Status | Flags |
---|---|---|---|---|---|---|
r-devel-linux-x86_64-debian-clang | 0.1.0 | 3.03 | 42.79 | 45.82 | NOTE | |
r-devel-linux-x86_64-debian-gcc | 0.1.0 | 2.42 | 33.07 | 35.49 | NOTE | |
r-devel-linux-x86_64-fedora-clang | 0.1.0 | 59.33 | NOTE | |||
r-devel-linux-x86_64-fedora-gcc | 0.1.0 | 54.44 | NOTE | |||
r-devel-windows-ix86+x86_64 | 0.1.0 | 9.00 | 57.00 | 66.00 | NOTE | |
r-devel-windows-ix86+x86_64-gcc8 | 0.1.0 | 7.00 | 59.00 | 66.00 | NOTE | |
r-patched-linux-x86_64 | 0.1.0 | 2.70 | 38.43 | 41.13 | NOTE | |
r-patched-solaris-x86 | 0.1.0 | 87.80 | NOTE | |||
r-release-linux-x86_64 | 0.1.0 | 2.61 | 37.98 | 40.59 | NOTE | |
r-release-windows-ix86+x86_64 | 0.1.0 | 9.00 | 78.00 | 87.00 | NOTE | |
r-release-osx-x86_64 | 0.1.0 | NOTE | ||||
r-oldrel-windows-ix86+x86_64 | 0.1.0 | 6.00 | 72.00 | 78.00 | NOTE | |
r-oldrel-osx-x86_64 | 0.1.0 | NOTE |
Version: 0.1.0
Check: R code for possible problems
Result: NOTE
but_last: no visible global function definition for 'head'
first: no visible global function definition for 'head'
last: no visible global function definition for 'tail'
preview_frames: no visible global function definition for 'str'
print.EprimeFrame: no visible global function definition for 'str'
print.FrameList: no visible global function definition for 'str'
Undefined global functions or variables:
head str tail
Consider adding
importFrom("utils", "head", "str", "tail")
to your NAMESPACE file.
Flavors: r-devel-linux-x86_64-debian-clang, r-devel-linux-x86_64-debian-gcc, r-devel-linux-x86_64-fedora-clang, r-devel-linux-x86_64-fedora-gcc, r-devel-windows-ix86+x86_64, r-devel-windows-ix86+x86_64-gcc8, r-patched-linux-x86_64, r-patched-solaris-x86, r-release-linux-x86_64, r-release-windows-ix86+x86_64, r-release-osx-x86_64, r-oldrel-windows-ix86+x86_64, r-oldrel-osx-x86_64