CRAN Package Check Results for Package rrr

Last updated on 2020-03-27 00:49:35 CET.

Flavor Version Tinstall Tcheck Ttotal Status Flags
r-devel-linux-x86_64-debian-clang 1.0.0 7.04 85.63 92.67 OK
r-devel-linux-x86_64-debian-gcc 1.0.0 6.66 63.31 69.97 OK
r-devel-linux-x86_64-fedora-clang 1.0.0 106.42 NOTE
r-devel-linux-x86_64-fedora-gcc 1.0.0 104.31 NOTE
r-devel-windows-ix86+x86_64 1.0.0 15.00 91.00 106.00 OK
r-devel-windows-ix86+x86_64-gcc8 1.0.0 18.00 95.00 113.00 OK
r-patched-linux-x86_64 1.0.0 6.33 78.04 84.37 OK
r-patched-solaris-x86 1.0.0 161.40 NOTE
r-release-linux-x86_64 1.0.0 7.01 77.46 84.47 OK
r-release-windows-ix86+x86_64 1.0.0 37.00 135.00 172.00 OK
r-release-osx-x86_64 1.0.0 NOTE
r-oldrel-windows-ix86+x86_64 1.0.0 17.00 148.00 165.00 OK
r-oldrel-osx-x86_64 1.0.0 NOTE

Check Details

Version: 1.0.0
Check: dependencies in R code
Result: NOTE
    Namespace in Imports field not imported from: ‘Rcpp’
     All declared Imports should be used.
Flavors: r-devel-linux-x86_64-fedora-clang, r-devel-linux-x86_64-fedora-gcc, r-patched-solaris-x86, r-release-osx-x86_64, r-oldrel-osx-x86_64