Last updated on 2020-03-27 00:49:35 CET.
Flavor | Version | Tinstall | Tcheck | Ttotal | Status | Flags |
---|---|---|---|---|---|---|
r-devel-linux-x86_64-debian-clang | 0.4-14.1 | 3.69 | 41.65 | 45.34 | NOTE | |
r-devel-linux-x86_64-debian-gcc | 0.4-14.1 | 2.85 | 32.29 | 35.14 | NOTE | |
r-devel-linux-x86_64-fedora-clang | 0.4-14.1 | 56.97 | NOTE | |||
r-devel-linux-x86_64-fedora-gcc | 0.4-14.1 | 53.32 | NOTE | |||
r-devel-windows-ix86+x86_64 | 0.4-14 | 7.00 | 58.00 | 65.00 | WARN | |
r-devel-windows-ix86+x86_64-gcc8 | 0.4-14 | 7.00 | 57.00 | 64.00 | OK | |
r-patched-linux-x86_64 | 0.4-14.1 | 2.69 | 39.31 | 42.00 | OK | |
r-patched-solaris-x86 | 0.4-14.1 | 79.60 | NOTE | |||
r-release-linux-x86_64 | 0.4-14.1 | 2.91 | 38.98 | 41.89 | OK | |
r-release-windows-ix86+x86_64 | 0.4-14.1 | 32.00 | 80.00 | 112.00 | OK | |
r-release-osx-x86_64 | 0.4-14.1 | OK | ||||
r-oldrel-windows-ix86+x86_64 | 0.4-14.1 | 5.00 | 68.00 | 73.00 | OK | |
r-oldrel-osx-x86_64 | 0.4-14.1 | OK |
Version: 0.4-14.1
Check: for non-standard things in the check directory
Result: NOTE
Found the following files/directories:
'test_addPageBreak.doc' 'test_addPlot.doc' 'test_addSessionInfo.doc'
'test_addTable.doc'
Flavors: r-devel-linux-x86_64-debian-clang, r-devel-linux-x86_64-debian-gcc, r-devel-linux-x86_64-fedora-clang, r-devel-linux-x86_64-fedora-gcc, r-patched-solaris-x86
Version: 0.4-14
Check: Rd \usage sections
Result: WARN
Documented arguments not in \usage in documentation object 'RTF':
'...'
Functions with \usage entries need to have the appropriate \alias
entries, and all their arguments documented.
The \usage entries must correspond to syntactically valid R code.
See chapter 'Writing R documentation files' in the 'Writing R
Extensions' manual.
Flavor: r-devel-windows-ix86+x86_64