Last updated on 2020-03-27 00:49:35 CET.
Flavor | Version | Tinstall | Tcheck | Ttotal | Status | Flags |
---|---|---|---|---|---|---|
r-devel-linux-x86_64-debian-clang | 0.7.0 | 13.86 | 65.58 | 79.44 | OK | |
r-devel-linux-x86_64-debian-gcc | 0.7.0 | 11.01 | 49.95 | 60.96 | OK | |
r-devel-linux-x86_64-fedora-clang | 0.7.0 | 98.06 | NOTE | |||
r-devel-linux-x86_64-fedora-gcc | 0.7.0 | 88.34 | NOTE | |||
r-devel-windows-ix86+x86_64 | 0.7.0 | 17.00 | 68.00 | 85.00 | OK | |
r-devel-windows-ix86+x86_64-gcc8 | 0.7.0 | 17.00 | 80.00 | 97.00 | OK | |
r-patched-linux-x86_64 | 0.7.0 | 10.81 | 58.35 | 69.16 | OK | |
r-patched-solaris-x86 | 0.7.0 | 124.40 | NOTE | |||
r-release-linux-x86_64 | 0.7.0 | 10.94 | 58.80 | 69.74 | OK | |
r-release-windows-ix86+x86_64 | 0.7.0 | 24.00 | 105.00 | 129.00 | OK | |
r-release-osx-x86_64 | 0.7.0 | NOTE | ||||
r-oldrel-windows-ix86+x86_64 | 0.7.0 | 23.00 | 88.00 | 111.00 | OK | |
r-oldrel-osx-x86_64 | 0.7.0 | NOTE |
Version: 0.7.0
Check: dependencies in R code
Result: NOTE
Namespace in Imports field not imported from: ‘Rcpp’
All declared Imports should be used.
Flavors: r-devel-linux-x86_64-fedora-clang, r-devel-linux-x86_64-fedora-gcc, r-patched-solaris-x86, r-release-osx-x86_64, r-oldrel-osx-x86_64
Version: 0.7.0
Check: data for non-ASCII characters
Result: NOTE
Note: found 113868 marked UTF-8 strings
Flavors: r-devel-linux-x86_64-fedora-clang, r-devel-linux-x86_64-fedora-gcc, r-patched-solaris-x86, r-release-osx-x86_64, r-oldrel-osx-x86_64