Last updated on 2020-03-27 00:49:35 CET.
Flavor | Version | Tinstall | Tcheck | Ttotal | Status | Flags |
---|---|---|---|---|---|---|
r-devel-linux-x86_64-debian-clang | 1.4-2 | 95.21 | 314.36 | 409.57 | OK | |
r-devel-linux-x86_64-debian-gcc | 1.4-2 | 79.15 | 231.63 | 310.78 | OK | |
r-devel-linux-x86_64-fedora-clang | 1.4-2 | 513.30 | NOTE | |||
r-devel-linux-x86_64-fedora-gcc | 1.4-2 | 478.67 | OK | |||
r-devel-windows-ix86+x86_64 | 1.4-2 | 125.00 | 300.00 | 425.00 | NOTE | |
r-devel-windows-ix86+x86_64-gcc8 | 1.4-2 | 137.00 | 340.00 | 477.00 | NOTE | |
r-patched-linux-x86_64 | 1.4-2 | 80.32 | 269.10 | 349.42 | OK | |
r-patched-solaris-x86 | 1.4-2 | 552.80 | NOTE | |||
r-release-linux-x86_64 | 1.4-2 | 77.60 | 273.39 | 350.99 | OK | |
r-release-windows-ix86+x86_64 | 1.4-2 | 181.00 | 386.00 | 567.00 | NOTE | |
r-release-osx-x86_64 | 1.4-2 | NOTE | ||||
r-oldrel-windows-ix86+x86_64 | 1.4-2 | 159.00 | 373.00 | 532.00 | NOTE | |
r-oldrel-osx-x86_64 | 1.4-2 | NOTE |
Version: 1.4-2
Check: installed package size
Result: NOTE
installed size is 7.8Mb
sub-directories of 1Mb or more:
R 3.0Mb
libs 2.4Mb
Flavors: r-devel-linux-x86_64-fedora-clang, r-devel-windows-ix86+x86_64, r-devel-windows-ix86+x86_64-gcc8, r-patched-solaris-x86, r-release-windows-ix86+x86_64, r-release-osx-x86_64, r-oldrel-windows-ix86+x86_64, r-oldrel-osx-x86_64