Last updated on 2020-03-27 00:49:36 CET.
Flavor | Version | Tinstall | Tcheck | Ttotal | Status | Flags |
---|---|---|---|---|---|---|
r-devel-linux-x86_64-debian-clang | 0.2.0 | 219.01 | 33.29 | 252.30 | NOTE | |
r-devel-linux-x86_64-debian-gcc | 0.2.0 | 130.99 | 26.00 | 156.99 | NOTE | |
r-devel-linux-x86_64-fedora-clang | 0.2.0 | 387.01 | NOTE | |||
r-devel-linux-x86_64-fedora-gcc | 0.2.0 | 294.04 | NOTE | |||
r-devel-windows-ix86+x86_64 | 0.1.2.1 | 555.00 | 89.00 | 644.00 | NOTE | |
r-devel-windows-ix86+x86_64-gcc8 | 0.1.2.1 | 455.00 | 85.00 | 540.00 | NOTE | |
r-patched-linux-x86_64 | 0.2.0 | 149.57 | 31.84 | 181.41 | NOTE | |
r-patched-solaris-x86 | 0.2.0 | 319.60 | NOTE | |||
r-release-linux-x86_64 | 0.2.0 | 146.78 | 31.68 | 178.46 | NOTE | |
r-release-windows-ix86+x86_64 | 0.2.0 | 648.00 | 118.00 | 766.00 | NOTE | |
r-release-osx-x86_64 | 0.2.0 | NOTE | ||||
r-oldrel-windows-ix86+x86_64 | 0.2.0 | 648.00 | 114.00 | 762.00 | NOTE | |
r-oldrel-osx-x86_64 | 0.2.0 | NOTE |
Version: 0.2.0
Check: for GNU extensions in Makefiles
Result: NOTE
GNU make is a SystemRequirements.
Flavors: r-devel-linux-x86_64-debian-clang, r-devel-linux-x86_64-debian-gcc, r-devel-linux-x86_64-fedora-clang, r-devel-linux-x86_64-fedora-gcc, r-patched-linux-x86_64, r-patched-solaris-x86, r-release-linux-x86_64, r-release-windows-ix86+x86_64, r-release-osx-x86_64, r-oldrel-windows-ix86+x86_64, r-oldrel-osx-x86_64
Version: 0.2.0
Check: installed package size
Result: NOTE
installed size is 5.0Mb
sub-directories of 1Mb or more:
doc 1.7Mb
libs 3.0Mb
Flavors: r-devel-linux-x86_64-fedora-clang, r-patched-solaris-x86, r-release-windows-ix86+x86_64, r-oldrel-windows-ix86+x86_64
Version: 0.1.2.1
Check: installed package size
Result: NOTE
installed size is 6.3Mb
sub-directories of 1Mb or more:
libs 6.1Mb
Flavors: r-devel-windows-ix86+x86_64, r-devel-windows-ix86+x86_64-gcc8
Version: 0.1.2.1
Check: for GNU extensions in Makefiles
Result: NOTE
GNU make is a SystemRequirements.
Flavors: r-devel-windows-ix86+x86_64, r-devel-windows-ix86+x86_64-gcc8