Last updated on 2020-03-27 00:49:36 CET.
Flavor | Version | Tinstall | Tcheck | Ttotal | Status | Flags |
---|---|---|---|---|---|---|
r-devel-linux-x86_64-debian-clang | 1.3.4 | 6.96 | 50.57 | 57.53 | OK | |
r-devel-linux-x86_64-debian-gcc | 1.3.4 | 6.56 | 38.96 | 45.52 | OK | |
r-devel-linux-x86_64-fedora-clang | 1.3.4 | 72.68 | NOTE | |||
r-devel-linux-x86_64-fedora-gcc | 1.3.4 | 66.36 | NOTE | |||
r-devel-windows-ix86+x86_64 | 1.3.4 | 19.00 | 63.00 | 82.00 | OK | |
r-devel-windows-ix86+x86_64-gcc8 | 1.3.4 | 20.00 | 68.00 | 88.00 | OK | |
r-patched-linux-x86_64 | 1.3.4 | 5.87 | 43.12 | 48.99 | OK | |
r-patched-solaris-x86 | 1.3.4 | 110.80 | NOTE | |||
r-release-linux-x86_64 | 1.3.4 | 6.51 | 43.06 | 49.57 | OK | |
r-release-windows-ix86+x86_64 | 1.3.4 | 24.00 | 83.00 | 107.00 | OK | |
r-release-osx-x86_64 | 1.3.4 | NOTE | ||||
r-oldrel-windows-ix86+x86_64 | 1.3.4 | 16.00 | 74.00 | 90.00 | OK | |
r-oldrel-osx-x86_64 | 1.3.4 | NOTE |
Version: 1.3.4
Check: dependencies in R code
Result: NOTE
Namespaces in Imports field not imported from:
‘cluster’ ‘factoextra’ ‘tidyr’
All declared Imports should be used.
Flavors: r-devel-linux-x86_64-fedora-clang, r-devel-linux-x86_64-fedora-gcc, r-patched-solaris-x86, r-release-osx-x86_64, r-oldrel-osx-x86_64