CRAN Package Check Results for Package semver

Last updated on 2020-03-27 00:49:36 CET.

Flavor Version Tinstall Tcheck Ttotal Status Flags
r-devel-linux-x86_64-debian-clang 0.2.0 27.53 30.76 58.29 OK
r-devel-linux-x86_64-debian-gcc 0.2.0 17.25 24.26 41.51 OK
r-devel-linux-x86_64-fedora-clang 0.2.0 85.10 NOTE
r-devel-linux-x86_64-fedora-gcc 0.2.0 70.08 NOTE
r-devel-windows-ix86+x86_64 0.2.0 48.00 56.00 104.00 OK
r-devel-windows-ix86+x86_64-gcc8 0.2.0 58.00 71.00 129.00 OK
r-patched-linux-x86_64 0.2.0 20.27 27.43 47.70 OK
r-patched-solaris-x86 0.2.0 90.90 OK
r-release-linux-x86_64 0.2.0 21.77 27.60 49.37 OK
r-release-windows-ix86+x86_64 0.2.0 69.00 85.00 154.00 OK
r-release-osx-x86_64 0.2.0 OK
r-oldrel-windows-ix86+x86_64 0.2.0 82.00 90.00 172.00 OK
r-oldrel-osx-x86_64 0.2.0 OK

Check Details

Version: 0.2.0
Check: compiled code
Result: NOTE
    File ‘semver/libs/semver.so’:
     Found no calls to: ‘R_registerRoutines’, ‘R_useDynamicSymbols’
    
    It is good practice to register native routines and to disable symbol
    search.
    
    See ‘Writing portable packages’ in the ‘Writing R Extensions’ manual.
Flavors: r-devel-linux-x86_64-fedora-clang, r-devel-linux-x86_64-fedora-gcc