CRAN Package Check Results for Package seqinr

Last updated on 2020-03-27 00:49:36 CET.

Flavor Version Tinstall Tcheck Ttotal Status Flags
r-devel-linux-x86_64-debian-clang 3.6-1 14.73 112.68 127.41 OK
r-devel-linux-x86_64-debian-gcc 3.6-1 10.73 85.45 96.18 OK
r-devel-linux-x86_64-fedora-clang 3.6-1 161.24 NOTE
r-devel-linux-x86_64-fedora-gcc 3.6-1 147.45 OK
r-devel-windows-ix86+x86_64 3.6-1 29.00 172.00 201.00 NOTE
r-devel-windows-ix86+x86_64-gcc8 3.6-1 29.00 188.00 217.00 NOTE
r-patched-linux-x86_64 3.6-1 13.20 100.34 113.54 OK
r-patched-solaris-x86 3.6-1 214.40 NOTE
r-release-linux-x86_64 3.6-1 12.49 99.58 112.07 OK
r-release-windows-ix86+x86_64 3.6-1 43.00 222.00 265.00 NOTE
r-release-osx-x86_64 3.6-1 NOTE
r-oldrel-windows-ix86+x86_64 3.6-1 37.00 212.00 249.00 NOTE
r-oldrel-osx-x86_64 3.6-1 NOTE

Check Details

Version: 3.6-1
Check: installed package size
Result: NOTE
     installed size is 5.5Mb
     sub-directories of 1Mb or more:
     data 1.4Mb
     sequences 1.9Mb
Flavors: r-devel-linux-x86_64-fedora-clang, r-devel-windows-ix86+x86_64, r-devel-windows-ix86+x86_64-gcc8, r-patched-solaris-x86, r-release-windows-ix86+x86_64, r-release-osx-x86_64, r-oldrel-windows-ix86+x86_64, r-oldrel-osx-x86_64