CRAN Package Check Results for Package shadow

Last updated on 2020-03-27 00:49:36 CET.

Flavor Version Tinstall Tcheck Ttotal Status Flags
r-devel-linux-x86_64-debian-clang 0.6.4 11.20 139.39 150.59 OK
r-devel-linux-x86_64-debian-gcc 0.6.4 7.94 105.31 113.25 WARN
r-devel-linux-x86_64-fedora-clang 0.6.4 188.33 NOTE
r-devel-linux-x86_64-fedora-gcc 0.6.4 172.04 NOTE
r-devel-windows-ix86+x86_64 0.6.4 19.00 142.00 161.00 OK
r-devel-windows-ix86+x86_64-gcc8 0.6.4 18.00 154.00 172.00 OK
r-patched-linux-x86_64 0.6.4 7.34 120.97 128.31 OK
r-patched-solaris-x86 0.6.4 248.10 NOTE
r-release-linux-x86_64 0.6.4 8.12 121.42 129.54 WARN
r-release-windows-ix86+x86_64 0.6.4 27.00 200.00 227.00 OK
r-release-osx-x86_64 0.6.4 NOTE
r-oldrel-windows-ix86+x86_64 0.6.4 18.00 204.00 222.00 OK
r-oldrel-osx-x86_64 0.6.4 NOTE

Check Details

Version: 0.6.4
Check: sizes of PDF files under ‘inst/doc’
Result: WARN
     ‘gs+qpdf’ made some significant size reductions:
     compacted ‘introduction.pdf’ from 1.3Mb to 1.0Mb
     consider running tools::compactPDF(gs_quality = "ebook") on these files
Flavors: r-devel-linux-x86_64-debian-gcc, r-release-linux-x86_64

Version: 0.6.4
Check: dependencies in R code
Result: NOTE
    Namespaces in Imports field not imported from:
     ‘parallel’ ‘plyr’
     All declared Imports should be used.
Flavors: r-devel-linux-x86_64-fedora-clang, r-devel-linux-x86_64-fedora-gcc, r-patched-solaris-x86, r-release-osx-x86_64, r-oldrel-osx-x86_64