Last updated on 2020-03-27 00:49:36 CET.
Flavor | Version | Tinstall | Tcheck | Ttotal | Status | Flags |
---|---|---|---|---|---|---|
r-devel-linux-x86_64-debian-clang | 0.4.1 | 5.48 | 44.74 | 50.22 | OK | |
r-devel-linux-x86_64-debian-gcc | 0.4.1 | 4.15 | 35.58 | 39.73 | OK | |
r-devel-linux-x86_64-fedora-clang | 0.4.1 | 63.42 | NOTE | |||
r-devel-linux-x86_64-fedora-gcc | 0.4.1 | 50.12 | OK | |||
r-devel-windows-ix86+x86_64 | 0.4.1 | 19.00 | 50.00 | 69.00 | NOTE | |
r-devel-windows-ix86+x86_64-gcc8 | 0.4.1 | 21.00 | 52.00 | 73.00 | NOTE | |
r-patched-linux-x86_64 | 0.4.1 | 4.36 | 40.36 | 44.72 | OK | |
r-patched-solaris-x86 | 0.4.1 | 81.40 | NOTE | |||
r-release-linux-x86_64 | 0.4.1 | 3.94 | 40.23 | 44.17 | OK | |
r-release-windows-ix86+x86_64 | 0.4.1 | 32.00 | 66.00 | 98.00 | NOTE | |
r-release-osx-x86_64 | 0.4.1 | NOTE | ||||
r-oldrel-windows-ix86+x86_64 | 0.4.1 | 29.00 | 68.00 | 97.00 | NOTE | |
r-oldrel-osx-x86_64 | 0.4.1 | NOTE |
Version: 0.4.1
Check: installed package size
Result: NOTE
installed size is 8.2Mb
sub-directories of 1Mb or more:
www 7.7Mb
Flavors: r-devel-linux-x86_64-fedora-clang, r-devel-windows-ix86+x86_64, r-devel-windows-ix86+x86_64-gcc8, r-patched-solaris-x86, r-release-windows-ix86+x86_64, r-release-osx-x86_64, r-oldrel-windows-ix86+x86_64, r-oldrel-osx-x86_64