CRAN Package Check Results for Package shinyRGL

Last updated on 2020-03-27 00:49:36 CET.

Flavor Version Tinstall Tcheck Ttotal Status Flags
r-devel-linux-x86_64-debian-clang 0.1.0 3.72 33.46 37.18 OK
r-devel-linux-x86_64-debian-gcc 0.1.0 2.91 26.84 29.75 OK
r-devel-linux-x86_64-fedora-clang 0.1.0 48.43 OK
r-devel-linux-x86_64-fedora-gcc 0.1.0 43.42 OK
r-devel-windows-ix86+x86_64 0.1.0 10.00 48.00 58.00 OK
r-devel-windows-ix86+x86_64-gcc8 0.1.0 14.00 53.00 67.00 OK
r-patched-linux-x86_64 0.1.0 3.18 30.76 33.94 OK
r-patched-solaris-x86 0.1.0 75.90 OK
r-release-linux-x86_64 0.1.0 3.12 30.65 33.77 OK
r-release-windows-ix86+x86_64 0.1.0 20.00 73.00 93.00 OK
r-release-osx-x86_64 0.1.0 WARN
r-oldrel-windows-ix86+x86_64 0.1.0 12.00 76.00 88.00 OK
r-oldrel-osx-x86_64 0.1.0 OK

Check Details

Version: 0.1.0
Check: whether package can be installed
Result: WARN
    Found the following significant warnings:
     Warning: 'rgl_init' failed, running with rgl.useNULL = TRUE
Flavor: r-release-osx-x86_64