CRAN Package Check Results for Package shinybrms

Last updated on 2020-03-27 00:49:36 CET.

Flavor Version Tinstall Tcheck Ttotal Status Flags
r-devel-linux-x86_64-fedora-clang 1.0.1 14.76 NOTE
r-devel-linux-x86_64-fedora-gcc 1.0.1 23.22 NOTE
r-patched-solaris-x86 1.0.1 33.60 NOTE

Check Details

Version: 1.0.1
Check: dependencies in R code
Result: NOTE
    Namespace in Imports field not imported from: ‘brms’
     All declared Imports should be used.
Flavors: r-devel-linux-x86_64-fedora-clang, r-devel-linux-x86_64-fedora-gcc, r-patched-solaris-x86