Last updated on 2020-03-27 00:49:36 CET.
Flavor | Version | Tinstall | Tcheck | Ttotal | Status | Flags |
---|---|---|---|---|---|---|
r-devel-linux-x86_64-debian-clang | 1.1 | 3.12 | 34.01 | 37.13 | OK | |
r-devel-linux-x86_64-debian-gcc | 1.1 | 2.31 | 26.63 | 28.94 | OK | |
r-devel-linux-x86_64-fedora-clang | 1.1 | 46.52 | NOTE | |||
r-devel-linux-x86_64-fedora-gcc | 1.1 | 41.49 | NOTE | |||
r-devel-windows-ix86+x86_64 | 1.1 | 8.00 | 48.00 | 56.00 | OK | |
r-devel-windows-ix86+x86_64-gcc8 | 1.1 | 8.00 | 58.00 | 66.00 | OK | |
r-patched-linux-x86_64 | 1.1 | 2.01 | 31.26 | 33.27 | OK | |
r-patched-solaris-x86 | 1.1 | 64.00 | NOTE | |||
r-release-linux-x86_64 | 1.1 | 2.25 | 31.37 | 33.62 | OK | |
r-release-windows-ix86+x86_64 | 1.1 | 8.00 | 73.00 | 81.00 | OK | |
r-release-osx-x86_64 | 1.1 | NOTE | ||||
r-oldrel-windows-ix86+x86_64 | 1.1 | 8.00 | 65.00 | 73.00 | OK | |
r-oldrel-osx-x86_64 | 1.1 | NOTE |
Version: 1.1
Check: dependencies in R code
Result: NOTE
Namespace in Imports field not imported from: ‘htmltools’
All declared Imports should be used.
Flavors: r-devel-linux-x86_64-fedora-clang, r-devel-linux-x86_64-fedora-gcc, r-patched-solaris-x86, r-release-osx-x86_64, r-oldrel-osx-x86_64