Last updated on 2020-03-27 00:49:36 CET.
Flavor | Version | Tinstall | Tcheck | Ttotal | Status | Flags |
---|---|---|---|---|---|---|
r-devel-linux-x86_64-debian-clang | 0.5.0 | 2.81 | 27.58 | 30.39 | OK | |
r-devel-linux-x86_64-debian-gcc | 0.5.0 | 2.36 | 21.65 | 24.01 | OK | |
r-devel-linux-x86_64-fedora-clang | 0.5.0 | 39.34 | NOTE | |||
r-devel-linux-x86_64-fedora-gcc | 0.5.0 | 35.51 | NOTE | |||
r-devel-windows-ix86+x86_64 | 0.5.0 | 8.00 | 36.00 | 44.00 | OK | |
r-devel-windows-ix86+x86_64-gcc8 | 0.5.0 | 8.00 | 47.00 | 55.00 | OK | |
r-patched-linux-x86_64 | 0.5.0 | 2.27 | 24.89 | 27.16 | OK | |
r-patched-solaris-x86 | 0.5.0 | 57.40 | NOTE | |||
r-release-linux-x86_64 | 0.5.0 | 2.38 | 24.98 | 27.36 | OK | |
r-release-windows-ix86+x86_64 | 0.5.0 | 12.00 | 60.00 | 72.00 | OK | |
r-release-osx-x86_64 | 0.5.0 | NOTE | ||||
r-oldrel-windows-ix86+x86_64 | 0.5.0 | 10.00 | 58.00 | 68.00 | OK | |
r-oldrel-osx-x86_64 | 0.5.0 | NOTE |
Version: 0.5.0
Check: dependencies in R code
Result: NOTE
Namespaces in Imports field not imported from:
‘shiny’ ‘shinyjs’
All declared Imports should be used.
Flavors: r-devel-linux-x86_64-fedora-clang, r-devel-linux-x86_64-fedora-gcc, r-patched-solaris-x86, r-release-osx-x86_64, r-oldrel-osx-x86_64