CRAN Package Check Results for Package shipunov

Last updated on 2020-03-27 00:49:36 CET.

Flavor Version Tinstall Tcheck Ttotal Status Flags
r-devel-linux-x86_64-debian-clang 1.7 8.44 73.25 81.69 OK
r-devel-linux-x86_64-debian-gcc 1.7 6.22 54.01 60.23 OK
r-devel-linux-x86_64-fedora-clang 1.7 93.35 NOTE
r-devel-linux-x86_64-fedora-gcc 1.7 91.12 NOTE
r-devel-windows-ix86+x86_64 1.6 15.00 92.00 107.00 OK
r-devel-windows-ix86+x86_64-gcc8 1.6 14.00 101.00 115.00 OK
r-patched-linux-x86_64 1.7 7.32 64.94 72.26 OK
r-patched-solaris-x86 1.7 124.90 NOTE
r-release-linux-x86_64 1.7 7.40 66.11 73.51 OK
r-release-windows-ix86+x86_64 1.7 27.00 129.00 156.00 OK
r-release-osx-x86_64 1.7 NOTE
r-oldrel-windows-ix86+x86_64 1.7 14.00 111.00 125.00 OK
r-oldrel-osx-x86_64 1.7 NOTE

Additional issues

ATLAS

Check Details

Version: 1.7
Check: dependencies in R code
Result: NOTE
    Namespace in Imports field not imported from: ‘methods’
     All declared Imports should be used.
Flavors: r-devel-linux-x86_64-fedora-clang, r-devel-linux-x86_64-fedora-gcc, r-patched-solaris-x86, r-release-osx-x86_64, r-oldrel-osx-x86_64