CRAN Package Check Results for Package shrinkTVP

Last updated on 2020-03-27 00:49:36 CET.

Flavor Version Tinstall Tcheck Ttotal Status Flags
r-devel-linux-x86_64-debian-clang 1.1.1 135.44 54.12 189.56 OK
r-devel-linux-x86_64-debian-gcc 1.1.1 80.80 41.37 122.17 OK
r-devel-linux-x86_64-fedora-clang 1.1.1 258.77 NOTE
r-devel-linux-x86_64-fedora-gcc 1.1.1 223.16 OK
r-devel-windows-ix86+x86_64 1.1.1 210.00 88.00 298.00 OK
r-devel-windows-ix86+x86_64-gcc8 1.1.1 230.00 100.00 330.00 OK
r-patched-linux-x86_64 1.1.1 92.45 49.72 142.17 OK
r-patched-solaris-x86 1.1.1 240.80 OK
r-release-linux-x86_64 1.1.1 94.74 49.63 144.37 OK
r-release-windows-ix86+x86_64 1.1.1 297.00 128.00 425.00 OK
r-release-osx-x86_64 1.1.1 NOTE
r-oldrel-windows-ix86+x86_64 1.1.1 278.00 122.00 400.00 OK
r-oldrel-osx-x86_64 1.1.1 OK

Check Details

Version: 1.1.1
Check: installed package size
Result: NOTE
     installed size is 6.3Mb
     sub-directories of 1Mb or more:
     libs 5.5Mb
Flavors: r-devel-linux-x86_64-fedora-clang, r-release-osx-x86_64