CRAN Package Check Results for Package simPop

Last updated on 2020-03-27 00:49:37 CET.

Flavor Version Tinstall Tcheck Ttotal Status Flags
r-devel-linux-x86_64-debian-clang 1.2.0 84.50 180.78 265.28 OK
r-devel-linux-x86_64-debian-gcc 1.2.0 57.22 135.93 193.15 OK
r-devel-linux-x86_64-fedora-clang 1.2.0 354.76 NOTE
r-devel-linux-x86_64-fedora-gcc 1.2.0 309.47 OK
r-devel-windows-ix86+x86_64 1.2.0 131.00 245.00 376.00 OK
r-devel-windows-ix86+x86_64-gcc8 1.2.0 169.00 293.00 462.00 NOTE
r-patched-linux-x86_64 1.2.0 65.42 157.16 222.58 OK
r-patched-solaris-x86 1.2.0 425.90 OK
r-release-linux-x86_64 1.2.0 68.60 156.15 224.75 OK
r-release-windows-ix86+x86_64 1.2.0 213.00 361.00 574.00 OK
r-release-osx-x86_64 1.2.0 OK
r-oldrel-windows-ix86+x86_64 1.2.0 165.00 350.00 515.00 OK
r-oldrel-osx-x86_64 1.2.0 OK

Check Details

Version: 1.2.0
Check: installed package size
Result: NOTE
     installed size is 5.4Mb
     sub-directories of 1Mb or more:
     data 2.0Mb
     libs 2.5Mb
Flavors: r-devel-linux-x86_64-fedora-clang, r-devel-windows-ix86+x86_64-gcc8