CRAN Package Check Results for Package smam

Last updated on 2020-03-27 00:49:37 CET.

Flavor Version Tinstall Tcheck Ttotal Status Flags
r-devel-linux-x86_64-debian-clang 0.5.3 81.94 47.06 129.00 NOTE
r-devel-linux-x86_64-debian-gcc 0.5.3 55.24 35.77 91.01 NOTE
r-devel-linux-x86_64-fedora-clang 0.5.3 197.53 NOTE
r-devel-linux-x86_64-fedora-gcc 0.5.3 165.79 NOTE
r-devel-windows-ix86+x86_64 0.5.3 138.00 82.00 220.00 NOTE
r-devel-windows-ix86+x86_64-gcc8 0.5.3 157.00 93.00 250.00 NOTE
r-patched-linux-x86_64 0.5.3 60.35 42.47 102.82 NOTE
r-patched-solaris-x86 0.5.3 178.30 NOTE
r-release-linux-x86_64 0.5.3 67.07 42.66 109.73 NOTE
r-release-windows-ix86+x86_64 0.5.3 201.00 117.00 318.00 NOTE
r-release-osx-x86_64 0.5.3 NOTE
r-oldrel-windows-ix86+x86_64 0.5.3 206.00 117.00 323.00 NOTE
r-oldrel-osx-x86_64 0.5.3 NOTE

Check Details

Version: 0.5.3
Check: for GNU extensions in Makefiles
Result: NOTE
    GNU make is a SystemRequirements.
Flavors: r-devel-linux-x86_64-debian-clang, r-devel-linux-x86_64-debian-gcc, r-devel-linux-x86_64-fedora-clang, r-devel-linux-x86_64-fedora-gcc, r-devel-windows-ix86+x86_64, r-devel-windows-ix86+x86_64-gcc8, r-patched-linux-x86_64, r-patched-solaris-x86, r-release-linux-x86_64, r-release-windows-ix86+x86_64, r-release-osx-x86_64, r-oldrel-windows-ix86+x86_64, r-oldrel-osx-x86_64

Version: 0.5.3
Check: installed package size
Result: NOTE
     installed size is 6.0Mb
     sub-directories of 1Mb or more:
     libs 5.4Mb
Flavors: r-devel-linux-x86_64-fedora-clang, r-release-osx-x86_64, r-oldrel-osx-x86_64