CRAN Package Check Results for Package smoothie

Last updated on 2020-03-27 00:49:37 CET.

Flavor Version Tinstall Tcheck Ttotal Status Flags
r-devel-linux-x86_64-debian-clang 1.0-1 2.08 20.27 22.35 NOTE
r-devel-linux-x86_64-debian-gcc 1.0-1 1.76 16.05 17.81 NOTE
r-devel-linux-x86_64-fedora-clang 1.0-1 32.34 NOTE
r-devel-linux-x86_64-fedora-gcc 1.0-1 27.72 NOTE
r-devel-windows-ix86+x86_64 1.0-1 5.00 28.00 33.00 NOTE
r-devel-windows-ix86+x86_64-gcc8 1.0-1 5.00 35.00 40.00 NOTE
r-patched-linux-x86_64 1.0-1 1.99 18.61 20.60 NOTE
r-patched-solaris-x86 1.0-1 42.00 NOTE
r-release-linux-x86_64 1.0-1 1.72 18.61 20.33 NOTE
r-release-windows-ix86+x86_64 1.0-1 21.00 42.00 63.00 NOTE
r-release-osx-x86_64 1.0-1 NOTE
r-oldrel-windows-ix86+x86_64 1.0-1 7.00 39.00 46.00 NOTE
r-oldrel-osx-x86_64 1.0-1 NOTE

Check Details

Version: 1.0-1
Check: DESCRIPTION meta-information
Result: NOTE
    Malformed Description field: should contain one or more complete sentences.
Flavors: r-devel-linux-x86_64-debian-clang, r-devel-linux-x86_64-debian-gcc, r-devel-linux-x86_64-fedora-clang, r-devel-linux-x86_64-fedora-gcc, r-devel-windows-ix86+x86_64, r-devel-windows-ix86+x86_64-gcc8, r-patched-linux-x86_64, r-patched-solaris-x86, r-release-linux-x86_64, r-release-windows-ix86+x86_64, r-release-osx-x86_64, r-oldrel-windows-ix86+x86_64, r-oldrel-osx-x86_64

Version: 1.0-1
Check: R code for possible problems
Result: NOTE
    Fourier2d: no visible global function definition for 'fft'
    kernel2dsmooth: no visible global function definition for 'fft'
    Undefined global functions or variables:
     fft
    Consider adding
     importFrom("stats", "fft")
    to your NAMESPACE file.
Flavors: r-devel-linux-x86_64-debian-clang, r-devel-linux-x86_64-debian-gcc, r-devel-linux-x86_64-fedora-clang, r-devel-linux-x86_64-fedora-gcc, r-devel-windows-ix86+x86_64, r-devel-windows-ix86+x86_64-gcc8, r-patched-linux-x86_64, r-patched-solaris-x86, r-release-linux-x86_64, r-release-windows-ix86+x86_64, r-release-osx-x86_64, r-oldrel-windows-ix86+x86_64, r-oldrel-osx-x86_64