Last updated on 2020-03-27 00:49:37 CET.
Flavor | Version | Tinstall | Tcheck | Ttotal | Status | Flags |
---|---|---|---|---|---|---|
r-devel-linux-x86_64-debian-clang | 1.1 | 4.85 | 23.81 | 28.66 | OK | |
r-devel-linux-x86_64-debian-gcc | 1.1 | 3.18 | 19.58 | 22.76 | OK | |
r-devel-linux-x86_64-fedora-clang | 1.1 | 41.99 | NOTE | |||
r-devel-linux-x86_64-fedora-gcc | 1.1 | 36.16 | NOTE | |||
r-devel-windows-ix86+x86_64 | 1.1 | 22.00 | 46.00 | 68.00 | OK | |
r-devel-windows-ix86+x86_64-gcc8 | 1.1 | 24.00 | 49.00 | 73.00 | OK | |
r-patched-linux-x86_64 | 1.1 | 3.49 | 22.34 | 25.83 | OK | |
r-patched-solaris-x86 | 1.1 | 52.80 | OK | |||
r-release-linux-x86_64 | 1.1 | 3.40 | 22.68 | 26.08 | OK | |
r-release-windows-ix86+x86_64 | 1.1 | 40.00 | 63.00 | 103.00 | OK | |
r-release-osx-x86_64 | 1.1 | OK | ||||
r-oldrel-windows-ix86+x86_64 | 1.1 | 48.00 | 66.00 | 114.00 | OK | |
r-oldrel-osx-x86_64 | 1.1 | OK |
Version: 1.1
Check: top-level files
Result: NOTE
‘configure’: /bin/bash is not portable
Flavors: r-devel-linux-x86_64-fedora-clang, r-devel-linux-x86_64-fedora-gcc