Last updated on 2020-03-27 00:49:37 CET.
Flavor | Version | Tinstall | Tcheck | Ttotal | Status | Flags |
---|---|---|---|---|---|---|
r-devel-linux-x86_64-debian-clang | 1.2 | 70.51 | 103.40 | 173.91 | OK | |
r-devel-linux-x86_64-debian-gcc | 1.2 | 50.63 | 78.76 | 129.39 | OK | |
r-devel-linux-x86_64-fedora-clang | 1.2 | 259.33 | NOTE | |||
r-devel-linux-x86_64-fedora-gcc | 1.2 | 211.98 | NOTE | |||
r-devel-windows-ix86+x86_64 | 1.2 | 111.00 | 145.00 | 256.00 | OK | |
r-devel-windows-ix86+x86_64-gcc8 | 1.2 | 150.00 | 164.00 | 314.00 | OK | |
r-patched-linux-x86_64 | 1.2 | 55.91 | 85.43 | 141.34 | OK | |
r-patched-solaris-x86 | 1.2 | 259.50 | OK | |||
r-release-linux-x86_64 | 1.2 | 57.12 | 89.55 | 146.67 | OK | |
r-release-windows-ix86+x86_64 | 1.2 | 209.00 | 196.00 | 405.00 | OK | |
r-release-osx-x86_64 | 1.2 | OK | ||||
r-oldrel-windows-ix86+x86_64 | 1.2 | 153.00 | 194.00 | 347.00 | OK | |
r-oldrel-osx-x86_64 | 1.2 | OK |
Version: 1.2
Check: compiled code
Result: NOTE
File ‘sparsereg/libs/sparsereg.so’:
Found no calls to: ‘R_registerRoutines’, ‘R_useDynamicSymbols’
It is good practice to register native routines and to disable symbol
search.
See ‘Writing portable packages’ in the ‘Writing R Extensions’ manual.
Flavors: r-devel-linux-x86_64-fedora-clang, r-devel-linux-x86_64-fedora-gcc