Last updated on 2020-03-27 00:49:37 CET.
Flavor | Version | Tinstall | Tcheck | Ttotal | Status | Flags |
---|---|---|---|---|---|---|
r-devel-linux-x86_64-debian-gcc | 0.1.1 | 2.18 | 158.30 | 160.48 | OK | |
r-devel-linux-x86_64-fedora-clang | 0.1.1 | 248.89 | NOTE | |||
r-devel-linux-x86_64-fedora-gcc | 0.1.1 | 206.35 | NOTE | |||
r-patched-solaris-x86 | 0.1.1 | 588.00 | NOTE | |||
r-release-linux-x86_64 | 0.1.1 | 2.24 | 191.23 | 193.47 | OK |
Version: 0.1.1
Check: dependencies in R code
Result: NOTE
Namespaces in Imports field not imported from:
‘knitr’ ‘rmarkdown’
All declared Imports should be used.
Flavors: r-devel-linux-x86_64-fedora-clang, r-devel-linux-x86_64-fedora-gcc, r-patched-solaris-x86