CRAN Package Check Results for Package spatstat.gui

Last updated on 2020-03-27 00:49:37 CET.

Flavor Version Tinstall Tcheck Ttotal Status Flags
r-devel-linux-x86_64-debian-clang 1.0-2 8.04 91.65 99.69 OK
r-devel-linux-x86_64-debian-gcc 1.0-2 7.37 72.41 79.78 OK
r-devel-linux-x86_64-fedora-clang 1.0-2 122.19 OK
r-devel-linux-x86_64-fedora-gcc 1.0-2 116.96 OK
r-patched-linux-x86_64 1.0-2 7.02 83.72 90.74 OK
r-patched-solaris-x86 1.0-2 185.60 OK
r-release-linux-x86_64 1.0-2 7.77 84.85 92.62 OK
r-release-windows-ix86+x86_64 1.0-2 25.00 125.00 150.00 OK
r-release-osx-x86_64 1.0-2 ERROR
r-oldrel-windows-ix86+x86_64 1.0-2 15.00 131.00 146.00 OK
r-oldrel-osx-x86_64 1.0-2 ERROR

Check Details

Version: 1.0-2
Check: package dependencies
Result: ERROR
    Package required but not available: ‘rpanel’
    
    See section ‘The DESCRIPTION file’ in the ‘Writing R Extensions’
    manual.
Flavors: r-release-osx-x86_64, r-oldrel-osx-x86_64